 of 4?
True
Is 53 a factor of 45465785?
True
Is 7 a factor of 4471631?
False
Is 1348853756 a multiple of 3662?
True
Does 113 divide 1122865971?
True
Does 117 divide 2042118?
True
Is 171 a factor of 119808072?
True
Is 36 a factor of 19034064?
True
Is 31 a factor of 150578262?
False
Is 358 a factor of 393721240?
True
Does 29 divide 51076250?
True
Does 411 divide 6048276?
True
Is 419 a factor of 2023113008?
True
Is 49653059 a multiple of 2150?
False
Is 12563070 a multiple of 56?
False
Is 602 a factor of 15837186?
False
Is 537 a factor of 435827634?
False
Is 89832602 a multiple of 94?
False
Does 415 divide 111186800?
True
Is 170428230 a multiple of 17?
True
Is 52 a factor of 285685466?
False
Is 430421276 a multiple of 127?
False
Is 97490867 a multiple of 136?
False
Is 465890356 a multiple of 127?
True
Is 19792733 a multiple of 40?
False
Is 1133 a factor of 607760965?
False
Is 2 a factor of 12211798?
True
Does 33 divide 32273401?
False
Does 37 divide 26597487?
True
Is 52 a factor of 8609940?
False
Is 3369507822 a multiple of 686?
False
Does 2 divide 16409961?
False
Is 5 a factor of 52134084?
False
Does 1054 divide 1744299911?
False
Is 17 a factor of 748861839?
False
Is 5 a factor of 12089180?
True
Is 6 a factor of 861854982?
True
Is 637 a factor of 5174973?
False
Does 556 divide 6458377?
False
Is 69404418 a multiple of 148?
False
Does 9964 divide 3049149233?
False
Is 175116563 a multiple of 3?
False
Does 266 divide 1725055486?
True
Is 63 a factor of 41614902?
True
Is 3197 a factor of 75736176?
False
Does 23 divide 12201620?
False
Is 276 a factor of 319298052?
True
Does 10 divide 1195277170?
True
Is 218 a factor of 11191248?
True
Does 195 divide 77019540?
True
Is 311 a factor of 809450274?
True
Is 548 a factor of 54047048?
True
Does 15 divide 216669810?
True
Is 9735782 a multiple of 285?
False
Is 364 a factor of 28532511?
False
Is 115060967 a multiple of 71?
True
Is 446 a factor of 370915479?
False
Does 2 divide 4315721?
False
Does 14 divide 3221973?
False
Does 103 divide 20395751?
True
Is 321714045 a multiple of 177?
False
Does 46 divide 1591205689?
False
Does 98 divide 30019458?
True
Is 5 a factor of 5321565?
True
Is 1839 a factor of 67090398?
True
Is 14280905 a multiple of 313?
False
Is 217 a factor of 206481447?
False
Is 4 a factor of 55547929?
False
Is 246052148 a multiple of 538?
True
Is 329165612 a multiple of 1621?
False
Is 395769834 a multiple of 37?
True
Is 56 a factor of 187547360?
True
Is 69 a factor of 690813924?
True
Is 2854 a factor of 17486458?
True
Is 279395599 a multiple of 90?
False
Is 2413796 a multiple of 10?
False
Is 241 a factor of 46534690?
True
Is 106866273 a multiple of 67?
True
Is 1476521395 a multiple of 795?
False
Is 172403769 a multiple of 280?
False
Does 4184 divide 162970984?
True
Is 32 a factor of 18099717?
False
Is 1657 a factor of 26526962?
False
Is 483427900 a multiple of 3650?
True
Does 27 divide 58176954?
True
Does 687 divide 1022240886?
True
Does 4903 divide 788927021?
True
Is 27 a factor of 254101995?
True
Is 387088368 a multiple of 408?
True
Does 1285 divide 1307215703?
False
Is 202 a factor of 31007000?
True
Is 12 a factor of 71202474?
False
Is 10 a factor of 1171307560?
True
Is 141 a factor of 368800394?
False
Does 10 divide 41518110?
True
Is 6892199 a multiple of 19?
False
Is 20 a factor of 475174220?
True
Is 131161560 a multiple of 30?
True
Is 65270976 a multiple of 183?
True
Is 10 a factor of 255815430?
True
Is 2428 a factor of 663458936?
False
Is 176217870 a multiple of 430?
True
Does 2112 divide 20304768?
True
Does 44 divide 183278997?
False
Does 160 divide 58812480?
True
Is 423 a factor of 1051412435?
False
Is 81591840 a multiple of 990?
True
Does 757 divide 26540106?
False
Is 2688 a factor of 187592547?
False
Is 1895 a factor of 47320243?
False
Is 15 a factor of 6576169?
False
Is 23330435 a multiple of 205?
True
Is 9 a factor of 67956690?
False
Does 35 divide 217131195?
False
Is 1580 a factor of 288269420?
True
Is 1082932 a multiple of 14?
False
Is 8247342 a multiple of 547?
False
Is 222 a factor of 47329068?
True
Is 1770857280 a multiple of 144?
True
Is 98 a factor of 33558924?
True
Does 20 divide 69543560?
True
Is 75361745 a multiple of 2419?
False
Does 41 divide 84391917?
False
Is 328 a factor of 116273376?
True
Does 3843 divide 25652025?
True
Does 24 divide 84665115?
False
Is 2201143150 a multiple of 102?
False
Is 11 a factor of 1542825?
False
Is 69 a factor of 48353648?
False
Is 885 a factor of 6242182?
False
Is 227885728 a multiple of 1923?
False
Is 8 a factor of 262931648?
True
Does 79 divide 14563012?
False
Is 3090968051 a multiple of 59?
True
Is 18 a factor of 121669578?
True
Is 7 a factor of 30650120?
False
Is 110 a factor of 21672530?
True
Is 119018924 a multiple of 2605?
False
Is 644 a factor of 339607?
False
Does 4 divide 46158791?
False
Is 26659235 a multiple of 365?
True
Is 57640464 a multiple of 756?
True
Is 37279809 a multiple of 21?
True
Does 1562 divide 470511888?
True
Is 23520643 a multiple of 19?
False
Is 9 a factor of 550395477?
True
Is 162 a factor of 1787722856?
False
Is 20498112 a multiple of 547?
False
Is 9370699 a multiple of 1012?
False
Does 36 divide 757308427?
False
Is 56932825 a multiple of 37?
True
Is 293 a factor of 4003580538?
False
Does 11 divide 30274024?
True
Is 969 a factor of 59483034?
True
Is 101803246 a multiple of 3977?
True
Is 126890912 a multiple of 16?
True
Is 40269738 a multiple of 1181?
True
Is 33 a factor of 711263124?
True
Is 226031300 a multiple of 18?
False
Does 11 divide 602793043?
False
Is 16214480 a multiple of 1682?
True
Does 26 divide 1214072990?
True
Is 10808574 a multiple of 69?
True
Is 17689 even?
False
Does 168 divide 27259667?
False
Is 5784322103 a multiple of 22?
False
Is 13 a factor of 49027849?
True
Does 50 divide 139308383?
False
Is 20825444 a multiple of 44?
False
Is 44 a factor of 67806358?
False
Does 5109 divide 1879381413?
True
Is 21530254 a multiple of 23?
True
Is 14 a factor of 2266934782?
True
Is 122 a factor of 1488522?
True
Is 1788 a factor of 1476982213?
False
Does 16 divide 77345150?
False
Is 2 a factor of 56797040?
True
Is 8 a factor of 80141904?
True
Is 5 a factor of 7071810?
True
Is 222955133 a multiple of 140?
False
Does 979 divide 204735333?
True
Is 2675 a factor of 61046175?
True
Is 1449 a factor of 24799635?
True
Does 460 divide 175870127?
False
Is 222941888 a multiple of 32?
True
Does 1885 divide 193133330?
True
Is 1488 a factor of 64233040?
False
Is 600 a factor of 2269666800?
True
Is 115 a factor of 87427767?
False
Does 545 divide 291412045?
True
Does 96 divide 3459914880?
True
Does 511 divide 5179910?
False
Does 128 divide 2717758412?
False
Is 317 a factor of 17409006?
True
Is 740 a factor of 1872200?
True
Does 42 divide 50481974?
False
Is 832 a factor of 3270041417?
False
Does 800 divide 270135375?
False
Is 15346840 a multiple of 20?
True
Does 8 divide 116093287?
False
Is 135209386 a multiple of 404?
False
Is 4 a factor of 263149860?
True
Is 26750835 a multiple of 3?
True
Is 52300480 a multiple of 16?
True
Does 5 divide 19263825?
True
Is 70 a factor of 7587187?
False
Does 4688 divide 335679552?
True
Does 3215 divide 1329146956?
False
Is 51641868 a multiple of 122?
True
Does 77 divide 2889319?
False
Is 22278827 a multiple of 5?
False
Is 1204629464 a multiple of 8?
True
Is 310118058 a multiple of 486?
True
Is 515912552 a multiple of 232?
True
Is 1970727 a multiple of 137?
False
Is 297723324 a multiple of 83?
True
Is 16722112 a multiple of 22?
True
Is 128 a factor of 603021184?
True
Is 917711115 a multiple of 447?
True
Is 89460594 a multiple of 7?
False
Is 3 a factor of 50782548?
True
Is 239 a factor of 137405880?
True
Does 353 divide 2058748050?
False
Is 12 a factor of 2370480?
True
Is 20261570 a multiple of 42?
False
Is 1479383024 a multiple of 27?
False
Is 1092836245 a multiple of 9?
False
Is 85095792 a multiple of 12?
True
Does 8 divide 8008375?
False
Is 2871005288 a multiple of 5144?
True
Is 13 a factor of 166013150?
False
Is 24 a factor of 164617512?
True
Is 14408747 a multiple of 21?
False
Is 227379204 a multiple of 426?
True
Does 2112 divide 733321348?
False
Is 31 a factor of 243813171?
True
Is 14796116 a multiple of 643?
False
Is 265 a factor of 2017744980?
True
Is 10 a factor of 80700083?
False
Is 9211